16) to base 15.
2c
What is 2 (base 9) in base 8?
2
Convert 23 (base 15) to base 5.
113
What is 43 (base 11) in base 9?
52
What is -1 (base 7) in base 4?
-1
What is -1 (base 2) in base 9?
-1
10 (base 3) to base 7
3
What is 12 (base 7) in base 12?
9
-4 (base 11) to base 13
-4
Convert -42 (base 15) to base 4.
-332
5 (base 11) to base 4
11
-1 (base 15) to base 2
-1
6 (base 12) to base 10
6
-111010 (base 2) to base 9
-64
What is 14 (base 16) in base 7?
26
What is -1 (base 2) in base 14?
-1
17 (base 15) to base 13
19
Convert -3e (base 16) to base 12.
-52
Convert -4 (base 7) to base 8.
-4
What is 6 (base 7) in base 8?
6
Convert 15 (base 9) to base 14.
10
Convert -1302 (base 5) to base 11.
-174
-15 (base 8) to base 6
-21
Convert 1010 (base 4) to base 14.
4c
Convert -17 (base 11) to base 13.
-15
-c0 (base 13) to base 14
-b2
21 (base 6) to base 9
14
-2211 (base 5) to base 11
-259
What is 0 (base 4) in base 9?
0
What is -1 (base 13) in base 5?
-1
What is -3b (base 14) in base 13?
-41
-2d (base 16) to base 4
-231
What is -8 (base 12) in base 7?
-11
-5 (base 9) to base 3
-12
What is -433 (base 5) in base 9?
-141
-1111 (base 2) to base 10
-15
Convert -11 (base 15) to base 10.
-16
-10 (base 5) to base 14
-5
What is -11 (base 4) in base 6?
-5
What is 0 (base 6) in base 13?
0
Convert 0 (base 9) to base 12.
0
What is 91 (base 14) in base 12?
a7
What is 162 (base 9) in base 7?
254
64 (base 7) to base 8
56
What is -1 (base 7) in base 5?
-1
-32 (base 10) to base 7
-44
Convert 3 (base 11) to base 2.
11
What is -6 (base 7) in base 8?
-6
-1003 (base 4) to base 15
-47
101 (base 2) to base 16
5
What is -7 (base 11) in base 12?
-7
What is b (base 13) in base 3?
102
-103 (base 5) to base 13
-22
3 (base 12) to base 15
3
-4 (base 5) to base 3
-11
3 (base 15) to base 11
3
-6 (base 12) to base 5
-11
13 (base 14) to base 8
21
What is 45 (base 8) in base 11?
34
What is -9 (base 15) in base 2?
-1001
-10 (base 15) to base 3
-120
What is 22 (base 16) in base 6?
54
Convert -2 (base 11) to base 10.
-2
10e (base 15) to base 5
1424
What is 24 (base 15) in base 10?
34
Convert 3111 (base 4) to base 7.
423
What is 44 (base 6) in base 10?
28
Convert 22 (base 14) to base 10.
30
Convert -20 (base 3) to base 8.
-6
Convert -48 (base 12) to base 13.
-44
Convert 14 (base 13) to base 6.
25
Convert -29 (base 11) to base 15.
-21
What is -100111 (base 2) in base 10?
-39
Convert -4 (base 8) to base 11.
-4
-14 (base 6) to base 10
-10
Convert 65 (base 14) to base 5.
324
Convert -10111000 (base 2) to base 3.
-20211
What is -31 (base 12) in base 6?
-101
120 (base 5) to base 2
100011
Convert -20 (base 6) to base 2.
-1100
What is 1011 (base 5) in base 11?
10a
What is -4 (base 10) in base 16?
-4
What is 9 (base 12) in base 5?
14
What is 102 (base 3) in base 5?
21
-5 (base 14) to base 2
-101
Convert 228 (base 11) to base 5.
2042
-4 (base 11) to base 2
-100
Convert -5 (base 12) to base 16.
-5
Convert 2121 (base 3) to base 13.
55
What is 1 (base 14) in base 7?
1
Convert -7 (base 10) to base 6.
-11
What is 110 (base 2) in base 6?
10
Convert -27 (base 10) to base 11.
-25
44 (base 10) to base 14
32
-55 (base 10) to base 12
-47
Convert -72 (base 11) to base 12.
-67
222 (base 3) to base 16
1a
-301 (base 4) to base 7
-100
Convert -3 (base 6) to base 13.
-3
-220 (base 5) to base 6
-140
-20 (base 6) to base 10
-12
10 (base 14) to base 9
15
Convert -10 (base 2) to base 5.
-2
Convert 13 (base 14) to base 5.
32
100 (base 2) to base 12
4
What is -110 (base 2) in base 9?
-6
-28 (base 11) to base 14
-22
446 (base 8) to base 16
126
2020 (base 4) to base 5
1021
-31 (base 11) to base 7
-46
Convert -4 (base 14) to base 9.
-4
Convert 2 (base 5) to base 4.
2
4 (base 9) to base 16
4
Convert -60 (base 9) to base 6.
-130
Convert -25 (base 15) to base 2.
-100011
-15 (base 10) to base 4
-33
-4 (base 9) to base 11
-4
What is 20 (base 6) in base 10?
12
What is -11 (base 5) in base 8?
-6
-353 (base 9) to base 8
-443
Convert -105 (base 7) to base 12.
-46
Convert -52 (base 14) to base 15.
-4c
6 (base 7) to base 15
6
Convert cc (base 16) to base 7.
411
-12 (base 11) to base 13
-10
What is 49 (base 11) in base 15?
38
Convert -12 (base 3) to base 4.
-11
2 (base 9) to base 10
2
-1010101 (base 2) to base 8
-125
0 (base 4) to base 11
0
-3 (base 7) to base 13
-3
What is 0 (base 15) in base 16?
0
What is 2 (base 3) in base 11?
2
-4 (base 10) to base 12
-4
What is 2 (base 12) in base 15?
2
-110 (base 4) to base 7
-26
-10 (base 2) to base 13
-2
What is b (base 12) in base 9?
12
Convert 22022 (base 3) to base 12.
168
Convert -10 (base 6) to base 4.
-12
Convert 4 (base 14) to base 6.
4
What is -41 (base 7) in base 6?
-45
Convert 4 (base 6) to base 9.
4
What is -3 (base 9) in base 13?
-3
2 (base 13) to base 14
2
Convert 111 (base 3) to base 2.
1101
What is -10 (base 4) in base 3?
-11
What is 50 (base 12) in base 4?
330
237 (base 10) to base 4
3231
What is 1 (base 10) in base 5?
1
Convert -243 (base 10) to base 13.
-159
Convert 70 (base 9) to base 14.
47
-1110011 (base 2) to base 3
-11021
Convert 0 (base 7) to base 2.
0
Convert 1220 (base 3) to base 12.
43
What is 3 (base 4) in base 6?
3
What is -92 (base 12) in base 10?
-110
Convert -12 (base 3) to base 14.
-5
What is 16 (base 7) in base 12?
11
Convert b3 (base 15) to base 4.
2220
135 (base 7) to base 8
113
What is 1011 (base 2) in base 13?
b
3 (base 6) to base 8
3
What is -2 (base 5) in base 4?
-2
40 (base 7) to base 8
34
What is 4 (base 14) in base 8?
4
What is 0 (base 8) in base 3?
0
-3 (base 9) to base 10
-3
What is -27 (base 10) in base 3?
-1000
8 (base 16) to base 11
8
Convert 132 (base 5) to base 15.
2c
What is -6 (base 11) in base 7?
-6
0 (base 3) to base 4
0
What is -2121 (base 3) in base 11?
-64
Convert -7 (base 15) to base 10.
-7
What is -3f (base 16) in base 5?
-223
What is 2 (base 13) in base 3?
2
92 (base 13) to base 8
167
-11 (base 2) to base 7
-3
Convert 1 (base 6) to base 16.
1
-1 (base 4) to base 6
-1
-121 (base 3) to base 8
-20
-200 (base 11) to base 16
-f2
What is -6d (base 14) in base 3?
-10121
What is 21 (base 5) in base 13?
b
What is 100 (base 2) in base 10?
4
What is 2c (base 14) in base 8?
50
-3 (base 9) to base 3
-10
What is 25 (base 10) in base 3?
221
Convert -46 (base 11) to base 2.
-110010
What is 49 (base 16) in base 2?
1001001
Convert -7 (base 10) to base 16.
-7
-2 (base 5) to base 6
-2
2 (base 13) to base 15
2
What is -100 (base 2) in base 11?
-4
Convert -21 (base 8) to base 9.
-18
10 (base 7) to base 4
13
What is -5 (base 11) in base 12?
-5
Convert -31 (base 14) to base 6.
-111
Convert 12 (base 3) to base 4.
11
Convert -31 (base 5) to base 11.
-15
-43 (base 14) to base 11
-54
Convert 11 (base 14) to base 3.
120
16d (base 14) to base 2
100100101
What is -10201 (base 3) in base 11?
-91
-12b (base 15) to base 8
-412
Convert -5 (base 8) to base 6.
-5
What is 21 (base 7) in base 11?
14
Convert 37 (base 9) to base 13.
28
Convert -77 (base 12) to base 10.
-91
Convert 1 (base 16) to base 2.
1
Convert -6 (base 10) to base 7.
-6
Convert 200 (base 8) to base 13.
9b
What is -6 (base 10) in base 7?
-6
-3 (base 14) to base 3
-10
95 (base 12) to base 13
89
Convert -12 (base 12) to base 16.
-e
What is 6 (base 13) in base 14?
6
Convert -100 (base 6) to base 14.
-28
3 (base 4) to base 11
3
b (base 16) to base 4
23
What is 1 (base 4) in base 2?
1
Convert -86 (base 12) to base 11.
-93
-1b (base 12) to base 15
-18
Convert -3 (base 5) to base 9.
-3
What is -33 (base 4) in base 11?
-14
What is -21 (base 16) in base 2?
-100001
Convert -301 (base 4) to base 7.
-100
14 (base 7) to base 13
b
What is 142 (base 7) in base 13?
61
Convert 1 (base 3) to base 8.
1
12 (base 7) to base 3
100
What is -14 (base 7) in base 11?
-10
Convert 6c (base 15) to base 4.
1212
What is -100 (base 2) in base 8?
-4
6 (base 13) to base 7
6
Convert 4 (base 8) to base 13.
4
4 (base 8) to base 3
11
What is -2013 (base 4) in base 16?
-87
2 (base 6) to base 11
2
Convert 50 (base 13) to base 14.
49
121 (base 13) to base 10
196
Convert -db (base 14) to base 13.
-11b
Convert -1 (base 7) to base 14.
-1
Convert -5 (base 9) to base 10.
-5
Convert 12 (base 8) to base 13.
a
What is 7 (base 16) in base 10?
7
-49 (base 13) to base 12
-51
Convert 3 (base 14) to base 13.
3
Convert -120 (base 3) to base 16.
-f
What is -7 (base 9) i